ppose 52 = 2*m + 2*m. Suppose -3 + m = 2*v. Suppose v*q = 44 - 9. What are the prime factors of q?
7
Suppose 0 = 7*d + d - 456. Suppose -4*j - 8 = 0, 5*k - 2*j - 12 - d = 0. Let q = k - 9. List the prime factors of q.
2
Let p = 120 + -27. What are the prime factors of p - (-1 + -3 + 1)?
2, 3
Let c be (-1)/5*-6*(-940)/(-3). Let p = c - 216. What are the prime factors of p?
2, 5
Let k(x) = 2*x + 3. Let w be (7/(7/2))/(1 + 1). List the prime factors of k(w).
5
Let c = 38 - 36. Let z(g) be the second derivative of g**5/5 + g**4/12 + g**2 + 4*g. List the prime factors of z(c).
2, 19
Let w(u) = -4*u**3 - 28*u**2 - 26*u - 3. List the prime factors of w(-11).
7, 317
Let m(c) = -21*c - 43. Suppose -5*i - 3*f - 38 - 23 = 0, -76 = 5*i - 2*f. List the prime factors of m(i).
251
Let r be (-2)/(-5) - (-39)/15. Suppose -4*j - 144 = -5*t + t, -r*j = t - 20. Suppose 0 = 3*z - 55 - t. What are the prime factors of z?
29
Let s = 18 + -1. Let g = 21 + s. List the prime factors of g.
2, 19
Let x(h) = 5*h**3 - 2*h**2 + 2*h - 1. Let b be x(1). Let l be (-18)/(-24)*b/3. What are the prime factors of (l + -67)/(-2 + 0)?
3, 11
Let l(x) = x + 5. Suppose -u - 40 = -3*u. List the prime factors of l(u).
5
Let f(g) = 91*g**2 + g + 1. Let x(t) = 92*t**2 + 2*t + 2. Let u(n) = 4*f(n) - 3*x(n). What are the prime factors of u(-1)?
2, 11
Let c = -3 - -6. Suppose 3*g - 347 = 4*w, 2*g + c*g - w = 601. List the prime factors of g.
11
Let a = 83 - -302. What are the prime factors of a?
5, 7, 11
Let d(j) = 7*j**2 + 11*j + 3. What are the prime factors of d(8)?
7, 11
Suppose 0 = -w + 4*v + v + 15, -2*w = 5*v - 75. List the prime factors of (2*(-2)/4*w)/(-2).
3, 5
Let g = -29 - -29. Let s(f) = f + 133. List the prime factors of s(g).
7, 19
Suppose -2*w + 0*k + 285 = 3*k, -w - k + 142 = 0. What are the prime factors of w?
3, 47
Suppose -16 - 8 = -4*o. Let a be 2 - (o/(-2) + 2). Suppose -3*j = 5*t - 61, 4*t - 55 = -a*j - 5. What are the prime factors of t?
11
Let l be 18/27 - 5/3. Let w(j) = -69*j + 1. List the prime factors of w(l).
2, 5, 7
Let o be (-24)/(-10) + -2 - (-24)/15. Suppose -3 = 3*t, -4*r - o*t = -218 - 720. List the prime factors of r.
5, 47
Suppose 0*w + 5*w - 30 = 0. Let s be (-1)/(-2)*(-2 + w). Suppose 6*c = s*n + c - 44, n - 21 = 3*c. What are the prime factors of n?
3
Let b be 6*(3 - 753/(-9)). Suppose -5*l + 80 = k, -2*l - 3*l - b = -5*k. What are the prime factors of k?
2, 5
Suppose 2*p = -0*p, r - 4*p = -5. What are the prime factors of 3/r - 4802/(-70)?
2, 17
Suppose s = 3*v + 345, 5*s = 5*v - 10*v + 1805. What are the prime factors of s?
3, 7, 17
What are the prime factors of 4030/4*(-9 - (-13 + 2))?
5, 13, 31
Let v(j) = -j - 9. Let d be -1 - (0 + 17 - 3). Let w be v(d). Suppose 0 = -2*m + 4*a + 4, 2*m - w*m - 4*a + 56 = 0. What are the prime factors of m?
2, 5
Let n(g) = 36*g**3 - g**2 + g. Let r be n(1). Let j = r + -8. Let s = -7 + j. What are the prime factors of s?
3, 7
Let m(x) = 823*x**2 + 2*x - 1. Let v be m(1). Suppose -o + 214 = -4*g + 5*g, -4*g + v = -4*o. Suppose -5*y - r - 4*r = -g, 9 = 3*r. List the prime factors of y.
3, 13
Suppose -2*q = -5*j + 478, 5*j = -2*q + 658 - 176. Let x = 125 + j. What are the prime factors of x?
13, 17
Let a(z) = z - 4. Let p be a(8). Suppose k - 3 = 4*b - 23, -4*b - 5*k = p. List the prime factors of 19 + (0 - (-12)/b).
2, 11
Suppose 0 = -7*h + 3*h + 4*k - 44, h + k = -9. Let d(j) = j**3 + 3*j**2 - 4*j - 4. Let v be d(-4). List the prime factors of v/h*(141 - 1).
2, 7
Let c(p) = p**3 + 11*p**2 + 10*p - 6. Let r be c(-10). Let l = -2 - r. Suppose 32 = -2*a + l*a. What are the prime factors of a?
2
Let g(u) = 17*u**2 + 7. What are the prime factors of g(4)?
3, 31
Let m(u) = -3*u - 1. Let a be m(-1). Let h(v) = 2*v**3 + 7*v**3 + v**a - 4*v**3. List the prime factors of h(1).
2, 3
Let d be (-2)/(12/(-27))*2. Suppose -5*p + 5*c - 4*c + 722 = 0, 0 = 2*p + 5*c - 305. Suppose d*u - 4*u - p = 0. What are the prime factors of u?
29
Let m(f) = 2*f - 7. Let k = 11 - 5. Let r(i) = -4*i + 13. Let x(o) = k*r(o) + 13*m(o). List the prime factors of x(9).
5
Suppose 5*g - 1 = 4*g. Let i(k) = 3*k + k**2 - g - 9*k**3 + 0*k - 3*k. What are the prime factors of i(-1)?
3
Suppose 15*t = 10*t - 245. Let g = 25 + t. What are the prime factors of (g/20)/((-8)/20)?
3
Let k be (0/(-17))/(-4 + 1). Suppose b - 210 = -k*u - 3*u, -b = 4*u - 279. List the prime factors of u.
3, 23
Suppose 5*r = 8*r + 42. List the prime factors of ((-132)/r)/(18/126).
2, 3, 11
Let q = -31 + 32. What are the prime factors of q/(4/336) + (1 - -1)?
2, 43
Let g(b) = -b**2 + 23*b - 16. List the prime factors of g(8).
2, 13
Let z(t) = -2*t - 1. Let x be z(-1). Let j be (-4 + 2/x)*-2. Suppose -j = -2*i + 8. List the prime factors of i.
2, 3
Let c(k) = 3*k - 3. Let m be c(2). Suppose h - 30 - m = 0. Let j = h + -8. What are the prime factors of j?
5
Let w(l) = 9*l + 0 + 4*l + 6 + 1. List the prime factors of w(6).
5, 17
Let f(a) = -8*a + 3. Let b be f(3). Let v = -24 - b. List the prime factors of (-106)/(-6) - (-2)/v.
17
Suppose 4*g + 10*z - 11634 = 9*z, -6 = -3*z. What are the prime factors of g?
2, 727
Let m be 1 + 0 - (-8 - 15). Suppose c - 3*c + m = 0. Suppose g - 4*f + 134 = 6*g, 0 = -3*f - c. List the prime factors of g.
2, 3, 5
Let l(k) be the first derivative of 5*k**3/3 + 5*k**2/2 + 2*k - 1. What are the prime factors of l(-5)?
2, 3, 17
Suppose -10*v + 5*v = -285. Suppose -2*l = -v - 17. List the prime factors of l.
37
Let p = -49 + -35. Let f = p - -163. List the prime factors of f.
79
Suppose 18*o - 14461 = -4435. What are the prime factors of o?
557
Let s(u) = -u**3 + 7*u**2 - 16*u - 10. Let h be s(6). What are the prime factors of -7*15/h*156?
2, 3, 13
What are the prime factors of (-52)/44 + 1 + (-84160)/(-55)?
2, 3, 5, 17
Let p(b) = 5*b**2 - 4*b + 15. What are the prime factors of p(-5)?
2, 5
Suppose -11*c = -9*c - 200. Suppose c = 10*b - 6*b. List the prime factors of b.
5
Suppose 0 = 12*q - 19*q + 4389. What are the prime factors of q?
3, 11, 19
Let c(b) = 145*b - 132. List the prime factors of c(13).
1753
Suppose 5*u + 740 - 3150 = 0. What are the prime factors of u?
2, 241
Suppose -6*c + 76 + 56 = 0. Suppose 3*h + 573 = 3*o, 2 = 4*h + c. Suppose i + o = 4*i. List the prime factors of i.
2, 31
Let k = -48 + 58. Suppose -86 = -n - k. What are the prime factors of n?
2, 19
Let k(x) = -3 - 3 + 11*x**2 + 3 - 4 + x. What are the prime factors of k(2)?
3, 13
Let q(p) = 3*p + 5. Suppose -4*o - 15 = -5*t, -5*o + 11 = 5*t - 4. What are the prime factors of q(t)?
2, 7
Suppose 229 = -a + m + 3*m, a + 184 = -5*m. Let g = a - -306. What are the prime factors of g?
97
Suppose -5*m = -5*y + 23500, 70*y + 4*m - 14093 = 67*y. What are the prime factors of y?
37, 127
Let j(f) = -3*f + 30. Let s = 77 - 71. List the prime factors of j(s).
2, 3
Let a be (-6)/9*3 + -2. Let x be 6*a*(-3)/(-9). What are the prime factors of (-12)/x + 51/2?
3
Suppose s + 583 = 6*v - 5*v, 4*s - 588 = -v. List the prime factors of v.
2, 73
Let m be (0 + -1)*(-83 + 0). Suppose -271 = -5*p + 4*q, 4*p + 3*q - m = 140. List the prime factors of p.
5, 11
Let c(m) be the second derivative of -m**5 + m**4/12 - 2*m. Suppose 2 = 6*g + 8. What are the prime factors of c(g)?
3, 7
Let i be 2/(-7) + 50440/140. Suppose a = 7*a - i. Suppose -4*o + a = 3*t - t, -2*o - 48 = -2*t. What are the prime factors of t?
2, 13
What are the prime factors of 21/(-336)*-8 - 2263/(-2)?
2, 283
Let n(f) = -18 - 8 + 6 - 8*f - 3. What are the prime factors of n(-15)?
97
Suppose -5*d + 22 = -13. Let g(l) = -3*l**3 - 4 + l**2 + 2*l**3 - d*l**2 - 8*l. What are the prime factors of g(-5)?
11
Let y(f) = 3*f**2 - 10 - 2*f**2 + 0*f - 4*f. Let r(g) = -g**3 - 31*g**2 + 32*g + 6. Let x be r(-32). List the prime factors of y(x).
2
Let a(o) = o**3 - 17*o**2 + 15*o + 17. Let l be a(16). List the prime factors of 4 + (45 - 3) - l.
3, 5
Suppose 0 = -77*w + 26*w + 86955. What are the prime factors of w?
5, 11, 31
Suppose 0 + 12 = -2*w. Let m be (w/(-8))/(1/20). Let a = -6 + m. What are the prime factors of a?
3
What are the prime factors of (-20 + 1)/(17/(-1054))?
2, 19, 31
Suppose 5*x + 3*n - 63 + 559 = 0, 0 = -4*x - 3*n - 395. Let u = x - -187. Suppose 117 = 7*j - u. What are the prime factors of j?
29
Let s = 564 - 158. List the prime factors of